703.
17
Calculate the greatest common divisor of 10256961 and 7579.
143
Calculate the greatest common divisor of 25377999 and 2217.
2217
What is the greatest common factor of 170 and 6735485?
85
What is the highest common factor of 83173 and 13919?
31
Calculate the greatest common factor of 1199981 and 33128.
101
Calculate the greatest common factor of 38175 and 140775.
75
Calculate the highest common factor of 16809 and 2301.
39
Calculate the greatest common divisor of 324323 and 2710021.
5497
Calculate the highest common factor of 57169200 and 163300.
7100
Calculate the greatest common divisor of 28146 and 1362.
6
Calculate the highest common factor of 2493059 and 6387.
2129
What is the highest common factor of 15127 and 61719?
7
What is the greatest common divisor of 200 and 2113536?
8
What is the greatest common divisor of 158096 and 5566136?
1928
Calculate the highest common factor of 235575426 and 714.
102
Calculate the highest common divisor of 74 and 11889247.
37
What is the highest common divisor of 22 and 16793029?
11
What is the greatest common divisor of 29696 and 176787712?
7424
What is the greatest common factor of 3270213 and 189?
27
What is the highest common divisor of 181221065 and 7769?
457
What is the highest common factor of 46820732 and 966?
322
Calculate the greatest common divisor of 322698260 and 340.
20
Calculate the highest common factor of 162010 and 38386.
34
What is the greatest common divisor of 272308 and 13262?
38
Calculate the greatest common factor of 36199744 and 1792.
448
What is the highest common divisor of 7395433 and 1135?
227
What is the greatest common divisor of 41008 and 5051673?
2563
What is the greatest common divisor of 803205 and 2?
1
Calculate the greatest common divisor of 328944 and 14596.
356
What is the highest common divisor of 752 and 449244424?
376
What is the greatest common factor of 30357745 and 715?
55
Calculate the greatest common factor of 207821 and 593.
1
What is the highest common divisor of 29601 and 1313829?
2277
Calculate the greatest common divisor of 214466 and 304.
2
Calculate the greatest common divisor of 5 and 838323435.
5
Calculate the greatest common divisor of 2091780 and 2592.
36
What is the greatest common divisor of 6 and 21472221?
3
What is the greatest common divisor of 176 and 70606800?
176
Calculate the highest common factor of 3698 and 605311.
43
What is the greatest common factor of 32271 and 8897?
31
Calculate the greatest common divisor of 12735199 and 2059.
71
Calculate the greatest common divisor of 22886973 and 2403.
801
What is the highest common divisor of 1519074 and 220806?
162
What is the greatest common factor of 1052 and 26202164?
1052
What is the highest common factor of 647566 and 36022?
166
What is the greatest common factor of 34614920 and 269?
269
Calculate the highest common factor of 904 and 119446876.
452
What is the greatest common factor of 3590506 and 53428?
722
What is the highest common factor of 450884 and 1180?
4
What is the greatest common divisor of 117 and 22699989?
117
What is the greatest common factor of 209587376 and 32?
16
Calculate the highest common factor of 1251624 and 21054.
726
What is the greatest common factor of 4910563 and 2737?
7
Calculate the greatest common divisor of 78 and 1225028298.
78
What is the highest common divisor of 28 and 187788?
4
Calculate the highest common divisor of 4395528 and 1944.
72
What is the greatest common divisor of 74 and 28468281?
37
Calculate the highest common factor of 12181679 and 76.
19
What is the greatest common divisor of 17068528 and 63656?
872
What is the greatest common factor of 11900 and 29627192?
476
Calculate the greatest common factor of 4892 and 1727.
1
Calculate the highest common factor of 1384 and 55448.
8
Calculate the highest common divisor of 2032 and 165544.
8
What is the highest common divisor of 144234 and 1674?
54
Calculate the highest common divisor of 381230 and 197985.
335
Calculate the highest common divisor of 22147830 and 122674.
1478
What is the highest common factor of 77275 and 377102?
3091
Calculate the greatest common factor of 651 and 18841893.
651
What is the highest common divisor of 2768766 and 14378?
182
What is the greatest common divisor of 18018 and 20863458?
1386
Calculate the greatest common divisor of 260 and 195992550.
130
Calculate the highest common factor of 125 and 4683125.
125
Calculate the greatest common factor of 63222 and 855834.
246
Calculate the greatest common divisor of 140 and 58052988.
28
Calculate the greatest common divisor of 216 and 71887068.
108
What is the greatest common divisor of 6020894 and 2117?
73
What is the highest common factor of 18943 and 19114?
19
Calculate the highest common factor of 94579 and 177505.
271
Calculate the greatest common factor of 82376 and 20762.
14
What is the greatest common factor of 8306747 and 167?
167
Calculate the highest common divisor of 15670 and 331810.
10
What is the highest common factor of 101532 and 41700?
12
Calculate the greatest common divisor of 146804521 and 1157.
89
Calculate the greatest common divisor of 636864 and 2285568.
5952
What is the greatest common divisor of 1215 and 114296265?
1215
Calculate the greatest common factor of 71489 and 10921.
67
What is the highest common factor of 9620 and 473671965?
2405
Calculate the highest common divisor of 559617751 and 1106.
553
Calculate the greatest common divisor of 75760 and 57591805.
4735
What is the greatest common factor of 36896 and 596776?
8
Calculate the highest common divisor of 31596424 and 4906.
446
Calculate the highest common divisor of 8668125 and 37375.
2875
Calculate the highest common divisor of 8339610 and 537.
537
What is the highest common factor of 5 and 31728030?
5
Calculate the highest common divisor of 55129 and 181163.
29
Calculate the highest common factor of 2810 and 9580.
10
What is the highest common divisor of 2054 and 198684763?
79
What is the greatest common divisor of 402001 and 1991?
181
Calculate the highest common divisor of 201150909 and 279.
279
What is the highest common divisor of 1595368 and 1191920?
376
Calculate the greatest common factor of 11163778 and 29620.
2962
What is the greatest common divisor of 14646128 and 2184?
56
Calculate the highest common divisor of 24 and 9292848.
24
What is the highest common divisor of 114 and 64417467?
57
What is the highest common factor of 2630899 and 3941?
563
What is the greatest common factor of 227 and 81216287?
227
Calculate the greatest common divisor of 6725305 and 370.
185
Calculate the highest common factor of 86 and 61140797.
43
What is the highest common factor of 378 and 698024196?
54
Calculate the greatest common factor of 679698 and 59778.
2214
What is the highest common divisor of 308 and 3738560?
28
What is the highest common divisor of 466865 and 11165?
35
What is the highest common factor of 3348 and 628347618?
1674
Calculate the greatest common factor of 3949302 and 441.
147
Calculate the greatest common factor of 1845264 and 404336.
592
What is the highest common factor of 68158 and 2089684?
106
What is the greatest common divisor of 9315 and 26445?
15
Calculate the greatest common divisor of 15360 and 10570.
10
What is the greatest common factor of 305 and 4500375955?
305
Calculate the highest common factor of 111211118 and 6486.
2162
What is the greatest common factor of 2535 and 202890?
15
What is the greatest common factor of 84973557 and 22761?
843
What is the greatest common divisor of 638 and 429828575?
319
What is the highest common divisor of 211980 and 11580?
60
Calculate the highest common factor of 4 and 17931910.
2
Calculate the highest common factor of 925267 and 621.
23
Calculate the highest common factor of 357762548 and 12980.
2596
What is the highest common factor of 5148 and 395494?
22
What is the highest common factor of 1461421 and 2291?
79
Calculate the greatest common factor of 37951070 and 1598100.
7610
Calculate the highest common factor of 29102808 and 238008.
5064
Calculate the greatest common divisor of 1192 and 3670019.
149
What is the highest common factor of 624547455 and 35?
35
What is the greatest common divisor of 7 and 626006059?
7
Calculate the greatest common divisor of 2301